 Give o(v).
-5
Let o(c) = -15*c - 1. Let w be ((-4)/6)/(1/(-3)). Suppose -3*a - 3*k + 29 = -4, 4*a + w*k = 38. Let r be (-1 + 0)/(a + -7). Calculate o(r).
14
Let x(a) = -a**3 + 11*a**2 + 12*a + 11. Let o be (-24)/((1*(5 - 3))/(-1)). Calculate x(o).
11
Let l be -2 + (-3)/(3/2). Let y(f) be the third derivative of -f**5/60 - f**4/8 - 2*f**3/3 - 117*f**2. Give y(l).
-8
Let k(v) = v + 0 - 3*v - 1. Let l = 36 + -42. Let d be (-6)/(-9)*l + 5. Give k(d).
-3
Let v(g) be the first derivative of g**4 - 1/3*g**3 + 2 + g + 1/2*g**2. Let f = 285 - 286. Give v(f).
-5
Let o(j) = -j - 9. Suppose 0 = -3*f + 9 + 36. Suppose -55 = 5*l - f. Determine o(l).
-1
Let q(c) be the first derivative of c**3/6 + 7*c**2/2 - c + 4. Let l(o) be the first derivative of q(o). What is l(-5)?
2
Let o(c) = -c**2 - 4*c - 4. Let w be (-2 + -2 - 0/(-5)) + 0. What is o(w)?
-4
Suppose 0 = 3*b + a - 1, 0 = -2*b + 2*a + a + 19. Suppose b = -8*k + 18. Let f(g) = -4*g + k - 3 + 5*g**3 + 2*g + 5*g**3. Calculate f(-1).
-9
Let u(f) be the second derivative of f**6/120 - f**5/12 - f**4/12 - 21*f**2 + f + 2. Let c(b) be the first derivative of u(b). What is c(5)?
-10
Let b(t) = 5*t**2 + 6*t. Let c(j) = -7*j**2 - 6*j - 1. Let q(h) = 4*b(h) + 3*c(h). Determine q(4).
5
Let o(p) be the second derivative of -p**4/6 - 2*p**3/3 - 2*p**2 + p - 10. What is o(-3)?
-10
Let s(w) = -6*w - 11. Let o(f) = 5*f + 10. Let k(u) = -5*o(u) - 4*s(u). Suppose -16*c + 14*c - 14 = 4*x, 37 = -2*x + 5*c. Calculate k(x).
0
Let n(a) be the third derivative of -a**5/60 - a**4/12 - 11*a**2 + 1. Give n(-4).
-8
Suppose -11 - 276 = 41*w. Let h(z) = z**3 + 8*z**2 + 5*z - 3. Give h(w).
11
Let h(j) = -6*j - 256. Let z be h(-40). Let n(u) = -4*u - 61. Give n(z).
3
Let f(x) = x**3 - 3*x**2 - 4*x + 4. Let r = -152 - -170. Suppose 0 = d + 4*q - 8, 2*q = d + 4*d - r. Determine f(d).
4
Let v(u) = -33*u**3 + 1 + 32*u**3 - 1 - 1. Calculate v(1).
-2
Let b(l) be the second derivative of -l**3/6 - 7*l**2/2 - l + 15. Let q(n) = -n**3 - 5*n**2 + 8*n + 9. Let j be q(-6). Calculate b(j).
-4
Let x(m) be the first derivative of m**4/4 + 2*m**3 + m**2 + 7*m + 3. Give x(-6).
-5
Let f(c) = c - 2 + 9 - 9 + 7 + 8. Determine f(-20).
-7
Let w be (-1 - 4/6)/((-485)/(-1746)). Let r(p) = -p - 5. Determine r(w).
1
Let j(l) = 2 - 2 + 2*l**2 + 1 - 2*l. Let h(i) = 2*i**2 + 39*i + 52. Let s be h(-18). Calculate j(s).
13
Let m(f) be the second derivative of -f**3/6 + 7*f. Let h be (-2)/(-5) + 106/10. Let o(g) = -g. Let s(l) = h*m(l) - 6*o(l). Give s(-1).
5
Let m(w) = -w**2 - 15*w - 13. Let h = 92 + -93. Let v(x) = -x**2 - 2*x + 1. Let g(r) = h*m(r) + 2*v(r). Give g(12).
3
Let x(m) = -112*m + 2 + m**2 + 68*m - 5 + 2 + 58*m. Calculate x(-14).
-1
Let s = 1715 - 1708. Let t(r) = -r + 17. Calculate t(s).
10
Let t(p) = -p**2 + 7*p + 5. Suppose -5*n - 14 = -2*c + 2, -5*n = 0. Determine t(c).
-3
Let r(k) = k - 8 - 3*k + 6 - 2 + k. Determine r(-5).
1
Let d(a) = 3*a + 2. Let v be (-279)/6*(-6)/9. Suppose -2*p = f - 1, -5*f - v = -3*p + p. Give d(p).
11
Let c(x) = 24 - 4 - 7 - x - 4. Calculate c(7).
2
Let p(y) = 6*y - 12. Let v be -5 + 0 + 8 - -3. Determine p(v).
24
Let u(v) = -13*v**2 + 6*v + 9. Let b(j) = -24*j**2 + 13*j + 18. Let x(n) = -6*b(n) + 11*u(n). Give x(12).
-9
Let b(a) = a**2 + 3*a + 2. Let g = -11 - -5. Let k(z) = -z**2 - 5*z + 4. Let o be k(g). Give b(o).
0
Let n(b) = 8*b - 4. Let m(a) = 9*a - 4. Let q(t) = 5*m(t) - 6*n(t). Let r be -2*-3*5/(-6). Let d be r/2*(-12)/10. What is q(d)?
-5
Let h(t) = -t**2 + 5*t + 10. Let j be h(7). Let s = 7 + j. Let l(r) be the third derivative of r**6/120 - r**5/20 - r**4/24 - r**3/2 - 2*r**2. Give l(s).
-6
Suppose 331*z - 312*z = 285. Let d(v) = v**3 - 15*v**2 + v - 13. Calculate d(z).
2
Let n(y) = 4*y - 2 - 6*y + 0. Let p(l) = -l. Let x(w) = -n(w) + 5*p(w). Determine x(3).
-7
Let i = 26 + -30. Let d(h) be the second derivative of -1/12*h**4 + 3/2*h**2 - 1/6*h**3 - 3*h + 0. Determine d(i).
-9
Let n(u) = -9*u + 25. Let w(b) = 11*b - 27. Let d(c) = -5*n(c) - 4*w(c). Give d(14).
-3
Let l(x) = -x - 2. Let j(s) be the first derivative of -3*s**2/2 - 5*s - 2. Let z(q) = 3*j(q) - 7*l(q). Give z(1).
-3
Let b(j) = -j**3 + 2*j**2 + 3*j - 14. Let p be b(2). Let m(w) = -4*w. Let v(f) = 9*f - 1. Let o(h) = 7*m(h) + 3*v(h). Calculate o(p).
5
Let u(l) = l + 2. Let p(c) = -c**3 + 5*c**2 + 7*c - 8. Let g be p(6). Let n(f) = -f - 1. Let h(b) = g*n(b) - u(b). Determine h(5).
5
Let a(o) be the first derivative of o**3/3 + 7*o**2 + 6*o - 815. Give a(-15).
21
Let a(p) = 7*p + 2. Let k(t) = -t. Let o(q) = -a(q) - 5*k(q). Suppose 168 = 19*y - 75*y. Give o(y).
4
Let c(t) = -6*t**2 - 3*t + 8. Let z(l) = l**2 + l - 1. Let w(p) = -c(p) - 5*z(p). Suppose 0 = 2*y - 8*y - 108. Let m be (-14)/21*y/4. Determine w(m).
0
Let y(r) = r**2 - r + 8. Let w(m) = m**3 - 18*m**2 + 27*m + 80. Let f be w(16). What is y(f)?
8
Let j = 21 - 18. Let r(v) = 1 + 91*v**3 - 3*v**2 - v + 3 - 90*v**3 - j*v. Give r(4).
4
Suppose 0 = -3*v - 33. Let c = 14 + v. Let u(t) = -t - t + t - 4. Calculate u(c).
-7
Suppose -2*l + 4*w = 31 - 7, -8 = 2*l + 4*w. Let z(u) = u + 2. Give z(l).
-6
Let s be (-164)/(-41)*1/2. Let j(v) = 16 + 9*v**2 + v**3 - 13*v**s - v - v - 21. Suppose -7*l = -3*l - 16. Determine j(l).
-13
Let g(o) = -2*o + o - 5 - o. Let c be 1*2/(-4)*16. Determine g(c).
11
Let d(s) = -s + 4. Let t = -286 - -288. Calculate d(t).
2
Let k(c) = 6*c + 23. Let d be 46/(-7) + (-48)/588*-7. What is k(d)?
-13
Let w(u) = u**2 - 8*u + 13. Let r be w(7). Let v(g) = 13 - r*g + 2*g + 3*g. What is v(10)?
3
Let r(z) = 0*z - z**2 - z + 4 - 3*z. Suppose 2*i + 4 = 4*l, -53*i + 5*l + 40 = -58*i. Calculate r(i).
-8
Suppose i + 3*i = 12. Let x(c) be the third derivative of c**6/120 - c**5/15 + c**4/12 + c**3/6 - 93*c**2. Give x(i).
-2
Let q(x) = 6*x + 45. Let z(c) = -3*c**2 + 5*c + 44. Let i be z(5). Determine q(i).
9
Let n be ((-4)/10)/((-1)/5). Suppose -2*x = -x - 2. Suppose x*z = -0 + n. Let p(v) = 7*v - 1. Determine p(z).
6
Let t be 11 + -5 + (-2 - -1). Let w(u) be the first derivative of -1/2*u**2 + 5*u - 1. What is w(t)?
0
Let o(x) = 15*x**3 - x**2 - 2*x - 1. Suppose -3*l + 34 = -4*l - 3*k, -4*k = -4*l - 152. Let w = -38 - l. Give o(w).
-15
Let f be 2/(-6)*-3*1. Let r be (-3)/(1/((-1)/f)). Let o(h) = 4*h**2 - 5*h - 2. Let p(m) = -3*m**2 + 4*m + 1. Let c(b) = 2*o(b) + 3*p(b). What is c(r)?
-4
Let a be (45/(-36))/(2*(-2)/(-16)). Let d(r) = r**2 + 13. Let j(q) = q**2 + q + 12. Let b(k) = -6*d(k) + 7*j(k). Determine b(a).
-4
Let v(u) be the first derivative of u**4/4 + 5*u**3/3 + u**2 + 4*u - 235. Calculate v(-5).
-6
Let b(j) = -2*j**3 + 3*j**3 + 219*j + 222*j - 5*j**2 - 449*j - 5 + 12. Let w = 12 - 6. Calculate b(w).
-5
Let n = 28 - 19. Let s(h) = -23 + 6*h + h**3 + 20 + h - 10*h**2 + 13 + 0*h. Determine s(n).
-8
Suppose m - 2 = -4. Let w(g) = -g + 9. Let d be w(5). Let y(a) = -230 + d*a + 230. Determine y(m).
-8
Suppose -4*m = o - 10, 4*o + 1 = 5*m - 1. Let c(h) = -o*h**2 + 1 + 3*h - 49*h**3 + 48*h**3 + 0*h**2. What is c(-3)?
1
Suppose 3*v = -4*w + 9, -2*w - 1 + 16 = 5*v. Suppose w = 9*m - 0 - 36. Let h(d) = d. Let g(i) = i. Let s(l) = 4*g(l) - 3*h(l). Calculate s(m).
4
Let q = -371 + 364. Let r(f) = f + 7. What is r(q)?
0
Suppose 2*n - 3*h = 12, -n - 14 = -5*n + h. Let l(p) = -4*p + 4. Let u(m) = -3*m + 3. Let d(j) = 2*l(j) - 3*u(j). Give d(n).
2
Suppose 20*n = -15 - 25. Let h(y) = -2*y**2 - y - 2. Calculate h(n).
-8
Let j(n) = n**3 + 2*n**2 - 6*n + 5. Let c be j(-4). Let q(w) be the first derivative of w**2 - 2. Determine q(c).
-6
Suppose 23 = 4*i - 4*y - y, 4*i - 17 = 3*y. Let r(g) = 5*g - 5. Let j(b) = -6*b + 6. Let k(q) = 4*j(q) + 5*r(q). What is k(i)?
1
Let i(c) = -c**2 + 5*c + 7. Suppose -3*k + 12 = 5*r, 0*r + 4*r + 57 = 5*k. Let d be (-71 - 1)/(-4)*3/k. What is i(d)?
1
Let q(r) = r**2 + 3*r - 1. Let g(t) be the first derivative of -t**4/4 - t**3 - 2*t + 10. Let u be g(-3). What is q(u)?
-3
Let x = 54 + -109. Let a be 2 + (-210)/x + (-4)/(-22). Let q(p) = -p**3 + 7*p**2 - 5*p + 4. Determine q(a).
10
Let z(p) = -4*p**3 - 7*p**2 + 10*p + 10. Let y(m) = -5*m**3 - 7*m**2 + 10*m + 13. Let d(g) = -3*y(g) + 4*z(g). Calculate d(-8).
-15
Let t be (-7)/(-3) + (-34)/(-51). Suppose -t*i + 5 = 4*m, 3*i - 5*i = -3*m - 9. Suppose -i*y + v - 3*v = -5, 5*y + 25 = 5*v. Let d(j) = 12*j - 1. What is d(y)?